1
-4641
What is -57a2 (base 12) in base 16?
-262a
What is -44621 (base 7) in base 9?
-16428
What is -1101110000110101 (base 2) in base 10?
-56373
Convert 11362 (base 8) to base 7.
20066
Convert -2322 (base 6) to base 4.
-20222
Convert -1436 (base 8) to base 11.
-666
Convert 4302 (base 7) to base 15.
6b6
-102261 (base 7) to base 9
-26163
Convert -11232 (base 6) to base 14.
-828
Convert 52687 (base 9) to base 15.
a4bd
-a42a (base 13) to base 5
-1211212
What is -244 (base 6) in base 15?
-6a
3591 (base 10) to base 16
e07
What is -4f0 (base 16) in base 13?
-763
Convert 11001011000001 (base 2) to base 10.
12993
Convert -6619 (base 10) to base 13.
-3022
What is 1006 (base 11) in base 6?
10105
What is -774 (base 8) in base 16?
-1fc
Convert -26c9 (base 13) to base 8.
-12705
What is e7b (base 16) in base 7?
13544
-488 (base 9) to base 15
-1be
101111 (base 3) to base 12
1b7
1aa40 (base 12) to base 7
223113
Convert -3a0 (base 16) to base 14.
-4a4
-100010011100 (base 2) to base 8
-4234
What is -156424 (base 8) in base 15?
-11b81
Convert -1322322 (base 4) to base 11.
-5a01
Convert 100100100 (base 2) to base 13.
196
1042242 (base 6) to base 10
52370
313 (base 6) to base 15
7c
What is -1000112 (base 3) in base 8?
-1347
-3231 (base 6) to base 14
-3ab
What is -1001211 (base 4) in base 5?
-113242
Convert 10111110100 (base 2) to base 7.
4305
Convert -2012010 (base 3) to base 11.
-1221
What is -1011100000 (base 2) in base 14?
-3a8
-776 (base 12) to base 4
-101022
Convert 2301 (base 12) to base 16.
f31
-3122 (base 7) to base 8
-2106
What is -110620 (base 7) in base 8?
-46074
-352 (base 14) to base 7
-1632
What is 5314 (base 6) in base 13?
712
78 (base 11) to base 15
5a
What is -211015 (base 8) in base 5?
-4221112
1110100111001011 (base 2) to base 7
336331
What is 3d (base 16) in base 14?
45
Convert 13222320 (base 4) to base 14.
b640
Convert -100000001100 (base 2) to base 10.
-2060
-252442 (base 6) to base 3
-1011001022
-3366 (base 15) to base 13
-4c62
What is -26221 (base 8) in base 7?
-45156
What is -40242 (base 6) in base 5?
-132112
Convert -1a70 (base 11) to base 3.
-10120222
Convert -110340 (base 6) to base 15.
-2ad9
Convert -1132132 (base 5) to base 3.
-1001200201
Convert 40126 (base 11) to base 8.
162531
-1230210 (base 5) to base 3
-1012122200
Convert 21023 (base 4) to base 15.
292
What is -ab (base 15) in base 13?
-c5
What is 210623 (base 7) in base 8?
106746
What is 14448 (base 9) in base 15?
2db5
Convert 43742 (base 8) to base 6.
221110
What is -12230 (base 4) in base 8?
-654
979 (base 10) to base 11
810
What is -13557 (base 9) in base 2?
-10001111110101
Convert -113332 (base 6) to base 2.
-10011001111000
21716 (base 10) to base 2
101010011010100
What is -2c2 (base 16) in base 4?
-23002
-202111210 (base 3) to base 16
-3a68
10 (base 5) to base 11
5
Convert 7262 (base 9) to base 4.
1103021
Convert 3522 (base 6) to base 10.
842
What is -7b (base 15) in base 14?
-84
Convert -327 (base 16) to base 9.
-1086
1603 (base 12) to base 16
a23
What is -26407 (base 8) in base 12?
-6807
What is -8511 (base 16) in base 9?
-51650
-120b (base 12) to base 16
-7eb
Convert 201221111 (base 3) to base 2.
11100011001011
-31111222 (base 4) to base 8
-152552
What is 13453 (base 6) in base 11?
1659
Convert 408 (base 11) to base 9.
606
Convert -51418 (base 9) to base 7.
-200522
What is -1038 (base 11) in base 15?
-617
What is 1508 (base 16) in base 6?
40532
Convert -1454 (base 7) to base 15.
-288
What is -1281 (base 9) in base 5?
-12324
-1011010010 (base 2) to base 14
-398
Convert -111100011 (base 2) to base 16.
-1e3
What is -5482 (base 9) in base 15?
-12e8
Convert 67c (base 13) to base 7.
3154
What is 11425 (base 9) in base 11?
5813
What is 143 (base 6) in base 8?
77
What is 2a1 (base 16) in base 5?
10143
Convert 93 (base 13) to base 10.
120
Convert -101113 (base 4) to base 14.
-595
Convert -220112 (base 4) to base 8.
-5026
Convert -1235 (base 8) to base 9.
-823
Convert -13653 (base 8) to base 2.
-1011110101011
11100110011 (base 2) to base 14
959
655 (base 7) to base 16
14e
977 (base 13) to base 9
2188
What is 2377 (base 9) in base 4?
123223
What is -8187 (base 9) in base 14?
-2280
-10423 (base 5) to base 7
-2103
Convert -11010001011 (base 2) to base 4.
-122023
Convert -432031 (base 5) to base 14.
-549b
What is 5268 (base 13) in base 11?
8632
What is 1008 (base 15) in base 14?
1339
Convert 3333 (base 4) to base 6.
1103
What is 4a2 (base 14) in base 10?
926
What is -36266 (base 7) in base 5?
-300112
What is -142604 (base 7) in base 4?
-12230003
-13465 (base 8) to base 9
-8131
Convert 48eb (base 15) to base 8.
36241
Convert 25445 (base 7) to base 12.
3aa2
-116 (base 11) to base 5
-1023
Convert -10020012 (base 3) to base 8.
-4462
-24a (base 11) to base 14
-172
What is 2351 (base 8) in base 13?
759
Convert -28c (base 13) to base 2.
-111000110
1699 (base 10) to base 6
11511
Convert -9461 (base 13) to base 16.
-5030
Convert -12271 (base 8) to base 2.
-1010010111001
Convert 2611 (base 10) to base 11.
1a64
What is -56c8 (base 13) in base 16?
-2f83
What is -154 (base 6) in base 11?
-64
Convert 1 (base 14) to base 2.
1
Convert -10001111 (base 3) to base 16.
-8b3
-719 (base 10) to base 7
-2045
What is a89 (base 13) in base 14?
92b
What is 210 (base 12) in base 2?
100101100
-23114 (base 5) to base 16
-67b
Convert -4312a (base 11) to base 9.
-105017
What is 1b9 (base 14) in base 5?
2414
-10025 (base 7) to base 3
-10022122
What is -120022 (base 3) in base 2?
-110011101
-1581 (base 11) to base 14
-a49
343411 (base 6) to base 12
14b67
411 (base 9) to base 2
101001110
What is 13427 (base 8) in base 12?
3507
What is 33764 (base 8) in base 4?
3133310
660 (base 7) to base 5
2321
What is -4b (base 16) in base 10?
-75
85 (base 9) to base 6
205
10683 (base 9) to base 5
211442
-1552 (base 11) to base 15
-8cd
What is -222011020 (base 3) in base 13?
-88aa
What is 121dd (base 15) in base 2?
1110000111010000
What is d1 (base 14) in base 4?
2313
-5114 (base 12) to base 8
-21140
Convert -4188 (base 9) to base 7.
-11654
-93bc (base 14) to base 10
-25450
Convert 1780 (base 16) to base 8.
13600
What is -16600 (base 9) in base 11?
-8643
Convert -12412 (base 5) to base 9.
-1311
What is 24287 (base 11) in base 5?
2104233
Convert 1203 (base 5) to base 4.
2302
Convert 447 (base 12) to base 8.
1167
-1203 (base 7) to base 6
-2020
Convert 201210 (base 3) to base 16.
216
-7124 (base 12) to base 3
-121211101
What is -10296 (base 10) in base 2?
-10100000111000
What is -3322 (base 5) in base 13?
-297
Convert -13ab (base 12) to base 2.
-100011110011
Convert 11231212 (base 4) to base 6.
300154
Convert 13313 (base 5) to base 13.
654
Convert 1124 (base 8) to base 16.
254
What is -17c9 (base 13) in base 6?
-24225
What is -82a7 (base 13) in base 2?
-100011010000011
What is 126250 (base 7) in base 2?
101110011111000
Convert -353 (base 15) to base 5.
-11003
What is 231b (base 14) in base 9?
8328
Convert -10a9 (base 11) to base 8.
-2652
Convert -120212 (base 3) to base 16.
-1ac
32000 (base 6) to base 9
5830
Convert -cd4 (base 16) to base 11.
-2516
What is 1433 (base 7) in base 12?
3ab
What is -2202100 (base 3) in base 8?
-3727
3c69 (base 16) to base 11
1068a
443 (base 14) to base 10
843
What is -10442 (base 6) in base 7?
-4163
Convert 4025 (base 7) to base 16.
56f
What is -100011012 (base 3) in base 15?
-1e9e
What is -2055 (base 7) in base 4?
-23112
Convert 151 (base 7) to base 12.
71
Convert -89 (base 16) to base 14.
-9b
What is -1100010110001 (base 2) in base 16?
-18b1
Convert -34a (base 11) to base 6.
-1533
3640 (base 10) to base 6
24504
Convert -32111 (base 6) to base 2.
-1000100001011
-208 (base 9) to base 8
-252
What is -1d59 (base 14) in base 4?
-1103323
Convert -3eb (base 15) to base 14.
-480
What is -3407 (base 8) in base 5?
-24144
What is 22775 (base 8) in base 2?
10010111111101
-5650 (base 9) to base 15
-1386
Convert cb4 (base 14) to base 9.
3388
What is 11000100110 (base 2) in base 8?
3046
303432 (base 5) to base 12
5863
What is -100001010 (base 2) in base 4?
-10022
Convert 442 (base 5) to base 12.
a2
What is 34033 (base 5) in base 14?
c2d
-19a28 (base 12) to base 6
-450452
23160 (base 9) to base 16
3c54
-117 (base 11) to base 3
-12011
Convert -3165 (base 9) to base 14.
-bc3
-34542 (base 6) to base 12
-2a52
Convert 43a